{"id":16413,"date":"2021-09-30T07:55:29","date_gmt":"2021-09-30T05:55:29","guid":{"rendered":"https:\/\/www.jobcenterkoeln.de\/?page_id=16413"},"modified":"2024-01-09T12:48:42","modified_gmt":"2024-01-09T11:48:42","slug":"einverstaendniserklaerung","status":"publish","type":"page","link":"https:\/\/www.jobcenterkoeln.de\/de_APP\/termine\/einverstaendniserklaerung\/","title":{"rendered":"Einverst\u00e4ndniserkl\u00e4rung"},"content":{"rendered":"<div class=\"section content-section text_only\" >\n    <div class=\"container\">\n        <div class=\"content-module flower-blue  content-module--text_only\">\n            <div class=\"content-module__wrap\">\n                                    <div class=\"content-module__content text_only col_1\">\n                        <div class=\"content-module__text \">\n                            <h2>Einwilligung zur Verarbeitung von Daten im Rahmen der Terminbuchung im Jobcenter K\u00f6ln<\/h2>\n<p>Ich erkl\u00e4re meine Einwilligung per Klick-Zustimmung, dass vom Jobcenter K\u00f6ln zu meiner Person im Rahmen der Terminbuchung folgende personenbezo\u00adgene Daten verarbeitet werden d\u00fcrfen:<\/p>\n<ul>\n<li>Vor- und Nachname,<\/li>\n<li>Geburtsdatum,<\/li>\n<li>Anrede,<\/li>\n<li>Kunden-Nummer oder BG-Nummer,<\/li>\n<li>Anliegen,<\/li>\n<li>Ort, Datum des Termins,<\/li>\n<li>E-Mail-Adresse,<\/li>\n<li>Telefonnummer (im Falle eines Telefon-Termins),<\/li>\n<li>Adresse<\/li>\n<li>Sprache, f\u00fcr die Sie eine*n Dolmetscher*in ben\u00f6tigen<\/li>\n<li>alle von Ihnen selbst formulierten Angaben im Rahmen der Buchung,<\/li>\n<li>Zeitpunkt der Buchung.<\/li>\n<\/ul>\n<p>Die personenbezogenen Daten werden ausschlie\u00dflich zum Zweck der Terminbuchung, der Termin-Erstellung, sowie der Durchf\u00fchrung des Termins verarbeitet.<br \/>\nDie Daten \u201eE-Mail-Adresse\u201c, \u201eOrt\u201c, &#8220;Terminart&#8221; und \u201eDatum\/Uhrzeit des Termins\u201c werden zur elektronischen Versendung von Terminbest\u00e4tigungen, -erinnerungen und -stornierungen verwendet. Wenn Sie einen Termin f\u00fcr die Informationsveranstaltung am 25.01.2024 buchen werden die Daten \u201eVor- und Nachname\u201c, \u201eAdresse\u201c, \u201eOrt\u201c, \u201cTerminart\/Anliegen\u201d und \u201eDatum\/Uhrzeit des Termins\u201c zus\u00e4tzlich verwendet, um postalisch eine Terminerinnerung an Sie zu versenden. Zum Widerruf Ihrer Einwilligung wird Ihre E-Mail-Adresse verwendet. Ihre Telefonnummer und Ihre E-Mail-Adresse werden nicht ohne Ihre weitere Zustimmung in den zentralen IT-Fachverfahren der Agentur f\u00fcr Arbeit gespeichert. (Die Fachverfahren werden vom Jobcenter K\u00f6ln genutzt.)<\/p>\n<p>Nach dem erfolgten Termin werden die Daten nach Ablauf von zwei Wochen gel\u00f6scht. Bei einer Terminstornierung werden die Daten sofort gel\u00f6scht.<\/p>\n<p>Die Einwilligung erfolgt freiwillig. Die personenbezogenen Daten sind f\u00fcr die Nutzung des Dienstes unabdingbar erforderlich. Wenn ich keine Einwilligung erkl\u00e4re, kann kein Online-Termin f\u00fcr mich erstellt werden. Alternativ kann ich jederzeit pers\u00f6nlich, telefonisch oder via eService einen Termin bei meiner f\u00fcr mich zust\u00e4ndigen Ansprechperson vereinbaren.<\/p>\n<p>Diese Einwilligungserkl\u00e4rung kann ich jederzeit f\u00fcr die Zukunft widerrufen. Bis zum Widerruf ist die Datenverarbeitung aufgrund dieser Einwilligung rechtm\u00e4\u00dfig.<\/p>\n<p>Der Widerruf erfolgt \u00fcber <a href=\"https:\/\/www.jobcenterkoeln.de\/de_APP\/termine\/widerruf\/\" target=\"_blank\" rel=\"noopener\">diesen\u00a0Link<\/a>.<br \/>\nAlternativ k\u00f6nnen Sie Ihren Widerruf auch an folgende postalische Adresse senden:<br \/>\nJobcenter K\u00f6ln<br \/>\nFachexpert*in Digitalisierung<br \/>\nPohligstr. 3<br \/>\n50969 K\u00f6ln<\/p>\n<p>Im Falle des Widerrufs werden die verarbeiteten personenbezogenen Daten sofort gel\u00f6scht.<\/p>\n<p>Ich wei\u00df, dass eine unverschl\u00fcsselte E-Mail ein unsicherer \u00dcbertragungsweg ist und wegen ihres Postkartencharakters von unbefugten Personen mitgelesen werden kann.<br \/>\nDie mit Ihrer Einwilligung von uns versendeten E-Mails zur Terminbest\u00e4tigung, -Erinnerung und -Stornierung lassen daher keinerlei R\u00fcckschl\u00fcsse darauf zu, ob der\/die Empf\u00e4nger*in auch Kund*in im Jobcenter K\u00f6ln ist.<\/p>\n<p>Bitte beachten Sie, dass Sie bei erneuter Nutzung unseres Terminbuchungs-Angebots eine erneute Einwilligung erkl\u00e4ren m\u00fcssen.<\/p>\n<p>Rechtsgrundlage f\u00fcr diese Einwilligungserkl\u00e4rung ist Art. 6 Abs. 1 lit. a DS-GVO i. V. m.\u00a0 Art. 7, Art. 4 Nr. 1, 11 DS-GVO, \u00a7 67b Abs. 2 SGB X.<\/p>\n                        <\/div>\n                                            <\/div>\n                                <\/div>\n        <\/div>\n    <\/div>\n<\/div>","protected":false},"excerpt":{"rendered":"","protected":false},"author":139,"featured_media":0,"parent":16406,"menu_order":0,"comment_status":"closed","ping_status":"closed","template":"","meta":{"_acf_changed":false,"footnotes":""},"folder":[],"class_list":["post-16413","page","type-page","status-publish","hentry"],"acf":[],"yoast_head":"<!-- This site is optimized with the Yoast SEO Premium plugin v26.9 (Yoast SEO v26.9) - https:\/\/yoast.com\/product\/yoast-seo-premium-wordpress\/ -->\n<title>Einverst\u00e4ndniserkl\u00e4rung - Jobcenter K\u00f6ln<\/title>\n<meta name=\"robots\" content=\"index, follow, max-snippet:-1, max-image-preview:large, max-video-preview:-1\" \/>\n<link rel=\"canonical\" href=\"https:\/\/www.jobcenterkoeln.de\/de_APP\/termine\/einverstaendniserklaerung\/\" \/>\n<meta property=\"og:locale\" content=\"de_DE\" \/>\n<meta property=\"og:type\" content=\"article\" \/>\n<meta property=\"og:title\" content=\"Einverst\u00e4ndniserkl\u00e4rung\" \/>\n<meta property=\"og:url\" content=\"https:\/\/www.jobcenterkoeln.de\/de_APP\/termine\/einverstaendniserklaerung\/\" \/>\n<meta property=\"og:site_name\" content=\"Jobcenter K\u00f6ln\" \/>\n<meta property=\"article:publisher\" content=\"https:\/\/www.facebook.com\/jobcenterkoeln\" \/>\n<meta property=\"article:modified_time\" content=\"2024-01-09T11:48:42+00:00\" \/>\n<meta name=\"twitter:card\" content=\"summary_large_image\" \/>\n<meta name=\"twitter:label1\" content=\"Est. reading time\" \/>\n\t<meta name=\"twitter:data1\" content=\"2 minutes\" \/>\n<script type=\"application\/ld+json\" class=\"yoast-schema-graph\">{\"@context\":\"https:\/\/schema.org\",\"@graph\":[{\"@type\":\"WebPage\",\"@id\":\"https:\/\/www.jobcenterkoeln.de\/de_APP\/termine\/einverstaendniserklaerung\/\",\"url\":\"https:\/\/www.jobcenterkoeln.de\/de_APP\/termine\/einverstaendniserklaerung\/\",\"name\":\"Einverst\u00e4ndniserkl\u00e4rung - Jobcenter K\u00f6ln\",\"isPartOf\":{\"@id\":\"https:\/\/www.jobcenterkoeln.de\/de_APP\/#website\"},\"datePublished\":\"2021-09-30T05:55:29+00:00\",\"dateModified\":\"2024-01-09T11:48:42+00:00\",\"breadcrumb\":{\"@id\":\"https:\/\/www.jobcenterkoeln.de\/de_APP\/termine\/einverstaendniserklaerung\/#breadcrumb\"},\"inLanguage\":\"de-APP\",\"potentialAction\":[{\"@type\":\"ReadAction\",\"target\":[\"https:\/\/www.jobcenterkoeln.de\/de_APP\/termine\/einverstaendniserklaerung\/\"]}]},{\"@type\":\"BreadcrumbList\",\"@id\":\"https:\/\/www.jobcenterkoeln.de\/de_APP\/termine\/einverstaendniserklaerung\/#breadcrumb\",\"itemListElement\":[{\"@type\":\"ListItem\",\"position\":1,\"name\":\"Home\",\"item\":\"https:\/\/www.jobcenterkoeln.de\/de_APP\/\"},{\"@type\":\"ListItem\",\"position\":2,\"name\":\"Termin\u00advereinbarung\",\"item\":\"https:\/\/www.jobcenterkoeln.de\/de_APP\/termine\/\"},{\"@type\":\"ListItem\",\"position\":3,\"name\":\"Einverst\u00e4ndniserkl\u00e4rung\"}]},{\"@type\":\"WebSite\",\"@id\":\"https:\/\/www.jobcenterkoeln.de\/de_APP\/#website\",\"url\":\"https:\/\/www.jobcenterkoeln.de\/de_APP\/\",\"name\":\"Jobcenter K\u00f6ln\",\"description\":\"\",\"publisher\":{\"@id\":\"https:\/\/www.jobcenterkoeln.de\/de_APP\/#organization\"},\"potentialAction\":[{\"@type\":\"SearchAction\",\"target\":{\"@type\":\"EntryPoint\",\"urlTemplate\":\"https:\/\/www.jobcenterkoeln.de\/de_APP\/?s={search_term_string}\"},\"query-input\":{\"@type\":\"PropertyValueSpecification\",\"valueRequired\":true,\"valueName\":\"search_term_string\"}}],\"inLanguage\":\"de-APP\"},{\"@type\":\"Organization\",\"@id\":\"https:\/\/www.jobcenterkoeln.de\/de_APP\/#organization\",\"name\":\"Jobcenter K\u00f6ln\",\"url\":\"https:\/\/www.jobcenterkoeln.de\/de_APP\/\",\"logo\":{\"@type\":\"ImageObject\",\"inLanguage\":\"de-APP\",\"@id\":\"https:\/\/www.jobcenterkoeln.de\/de_APP\/#\/schema\/logo\/image\/\",\"url\":\"\",\"contentUrl\":\"\",\"caption\":\"Jobcenter K\u00f6ln\"},\"image\":{\"@id\":\"https:\/\/www.jobcenterkoeln.de\/de_APP\/#\/schema\/logo\/image\/\"},\"sameAs\":[\"https:\/\/www.facebook.com\/jobcenterkoeln\",\"https:\/\/www.youtube.com\/channel\/UCYRuht_ePRSHEkGxLmTjr0Q\"]}]}<\/script>\n<!-- \/ Yoast SEO Premium plugin. -->","yoast_head_json":{"title":"Einverst\u00e4ndniserkl\u00e4rung - Jobcenter K\u00f6ln","robots":{"index":"index","follow":"follow","max-snippet":"max-snippet:-1","max-image-preview":"max-image-preview:large","max-video-preview":"max-video-preview:-1"},"canonical":"https:\/\/www.jobcenterkoeln.de\/de_APP\/termine\/einverstaendniserklaerung\/","og_locale":"de_DE","og_type":"article","og_title":"Einverst\u00e4ndniserkl\u00e4rung","og_url":"https:\/\/www.jobcenterkoeln.de\/de_APP\/termine\/einverstaendniserklaerung\/","og_site_name":"Jobcenter K\u00f6ln","article_publisher":"https:\/\/www.facebook.com\/jobcenterkoeln","article_modified_time":"2024-01-09T11:48:42+00:00","twitter_card":"summary_large_image","twitter_misc":{"Est. reading time":"2 minutes"},"schema":{"@context":"https:\/\/schema.org","@graph":[{"@type":"WebPage","@id":"https:\/\/www.jobcenterkoeln.de\/de_APP\/termine\/einverstaendniserklaerung\/","url":"https:\/\/www.jobcenterkoeln.de\/de_APP\/termine\/einverstaendniserklaerung\/","name":"Einverst\u00e4ndniserkl\u00e4rung - Jobcenter K\u00f6ln","isPartOf":{"@id":"https:\/\/www.jobcenterkoeln.de\/de_APP\/#website"},"datePublished":"2021-09-30T05:55:29+00:00","dateModified":"2024-01-09T11:48:42+00:00","breadcrumb":{"@id":"https:\/\/www.jobcenterkoeln.de\/de_APP\/termine\/einverstaendniserklaerung\/#breadcrumb"},"inLanguage":"de-APP","potentialAction":[{"@type":"ReadAction","target":["https:\/\/www.jobcenterkoeln.de\/de_APP\/termine\/einverstaendniserklaerung\/"]}]},{"@type":"BreadcrumbList","@id":"https:\/\/www.jobcenterkoeln.de\/de_APP\/termine\/einverstaendniserklaerung\/#breadcrumb","itemListElement":[{"@type":"ListItem","position":1,"name":"Home","item":"https:\/\/www.jobcenterkoeln.de\/de_APP\/"},{"@type":"ListItem","position":2,"name":"Termin\u00advereinbarung","item":"https:\/\/www.jobcenterkoeln.de\/de_APP\/termine\/"},{"@type":"ListItem","position":3,"name":"Einverst\u00e4ndniserkl\u00e4rung"}]},{"@type":"WebSite","@id":"https:\/\/www.jobcenterkoeln.de\/de_APP\/#website","url":"https:\/\/www.jobcenterkoeln.de\/de_APP\/","name":"Jobcenter K\u00f6ln","description":"","publisher":{"@id":"https:\/\/www.jobcenterkoeln.de\/de_APP\/#organization"},"potentialAction":[{"@type":"SearchAction","target":{"@type":"EntryPoint","urlTemplate":"https:\/\/www.jobcenterkoeln.de\/de_APP\/?s={search_term_string}"},"query-input":{"@type":"PropertyValueSpecification","valueRequired":true,"valueName":"search_term_string"}}],"inLanguage":"de-APP"},{"@type":"Organization","@id":"https:\/\/www.jobcenterkoeln.de\/de_APP\/#organization","name":"Jobcenter K\u00f6ln","url":"https:\/\/www.jobcenterkoeln.de\/de_APP\/","logo":{"@type":"ImageObject","inLanguage":"de-APP","@id":"https:\/\/www.jobcenterkoeln.de\/de_APP\/#\/schema\/logo\/image\/","url":"","contentUrl":"","caption":"Jobcenter K\u00f6ln"},"image":{"@id":"https:\/\/www.jobcenterkoeln.de\/de_APP\/#\/schema\/logo\/image\/"},"sameAs":["https:\/\/www.facebook.com\/jobcenterkoeln","https:\/\/www.youtube.com\/channel\/UCYRuht_ePRSHEkGxLmTjr0Q"]}]}},"_links":{"self":[{"href":"https:\/\/www.jobcenterkoeln.de\/de_APP\/wp-json\/wp\/v2\/pages\/16413","targetHints":{"allow":["GET"]}}],"collection":[{"href":"https:\/\/www.jobcenterkoeln.de\/de_APP\/wp-json\/wp\/v2\/pages"}],"about":[{"href":"https:\/\/www.jobcenterkoeln.de\/de_APP\/wp-json\/wp\/v2\/types\/page"}],"author":[{"embeddable":true,"href":"https:\/\/www.jobcenterkoeln.de\/de_APP\/wp-json\/wp\/v2\/users\/139"}],"replies":[{"embeddable":true,"href":"https:\/\/www.jobcenterkoeln.de\/de_APP\/wp-json\/wp\/v2\/comments?post=16413"}],"version-history":[{"count":12,"href":"https:\/\/www.jobcenterkoeln.de\/de_APP\/wp-json\/wp\/v2\/pages\/16413\/revisions"}],"predecessor-version":[{"id":25425,"href":"https:\/\/www.jobcenterkoeln.de\/de_APP\/wp-json\/wp\/v2\/pages\/16413\/revisions\/25425"}],"up":[{"embeddable":true,"href":"https:\/\/www.jobcenterkoeln.de\/de_APP\/wp-json\/wp\/v2\/pages\/16406"}],"wp:attachment":[{"href":"https:\/\/www.jobcenterkoeln.de\/de_APP\/wp-json\/wp\/v2\/media?parent=16413"}],"wp:term":[{"taxonomy":"folder","embeddable":true,"href":"https:\/\/www.jobcenterkoeln.de\/de_APP\/wp-json\/wp\/v2\/folder?post=16413"}],"curies":[{"name":"wp","href":"https:\/\/api.w.org\/{rel}","templated":true}]}}

Einverständniserklärung

<div class="section content-section text_only" >
    <div class="container">
        <div class="content-module flower-blue  content-module--text_only">
            <div class="content-module__wrap">
                                    <div class="content-module__content text_only col_1">
                        <div class="content-module__text ">
                            <h2>Einwilligung zur Verarbeitung von Daten im Rahmen der Terminbuchung im Jobcenter Köln</h2>
<p>Ich erkläre meine Einwilligung per Klick-Zustimmung, dass vom Jobcenter Köln zu meiner Person im Rahmen der Terminbuchung folgende personenbezo­gene Daten verarbeitet werden dürfen:</p>
<ul>
<li>Vor- und Nachname,</li>
<li>Geburtsdatum,</li>
<li>Anrede,</li>
<li>Kunden-Nummer oder BG-Nummer,</li>
<li>Anliegen,</li>
<li>Ort, Datum des Termins,</li>
<li>E-Mail-Adresse,</li>
<li>Telefonnummer (im Falle eines Telefon-Termins),</li>
<li>Adresse</li>
<li>Sprache, für die Sie eine*n Dolmetscher*in benötigen</li>
<li>alle von Ihnen selbst formulierten Angaben im Rahmen der Buchung,</li>
<li>Zeitpunkt der Buchung.</li>
</ul>
<p>Die personenbezogenen Daten werden ausschließlich zum Zweck der Terminbuchung, der Termin-Erstellung, sowie der Durchführung des Termins verarbeitet.<br />
Die Daten „E-Mail-Adresse“, „Ort“, &#8220;Terminart&#8221; und „Datum/Uhrzeit des Termins“ werden zur elektronischen Versendung von Terminbestätigungen, -erinnerungen und -stornierungen verwendet. Wenn Sie einen Termin für die Informationsveranstaltung am 25.01.2024 buchen werden die Daten „Vor- und Nachname“, „Adresse“, „Ort“, “Terminart/Anliegen” und „Datum/Uhrzeit des Termins“ zusätzlich verwendet, um postalisch eine Terminerinnerung an Sie zu versenden. Zum Widerruf Ihrer Einwilligung wird Ihre E-Mail-Adresse verwendet. Ihre Telefonnummer und Ihre E-Mail-Adresse werden nicht ohne Ihre weitere Zustimmung in den zentralen IT-Fachverfahren der Agentur für Arbeit gespeichert. (Die Fachverfahren werden vom Jobcenter Köln genutzt.)</p>
<p>Nach dem erfolgten Termin werden die Daten nach Ablauf von zwei Wochen gelöscht. Bei einer Terminstornierung werden die Daten sofort gelöscht.</p>
<p>Die Einwilligung erfolgt freiwillig. Die personenbezogenen Daten sind für die Nutzung des Dienstes unabdingbar erforderlich. Wenn ich keine Einwilligung erkläre, kann kein Online-Termin für mich erstellt werden. Alternativ kann ich jederzeit persönlich, telefonisch oder via eService einen Termin bei meiner für mich zuständigen Ansprechperson vereinbaren.</p>
<p>Diese Einwilligungserklärung kann ich jederzeit für die Zukunft widerrufen. Bis zum Widerruf ist die Datenverarbeitung aufgrund dieser Einwilligung rechtmäßig.</p>
<p>Der Widerruf erfolgt über <a href="https://www.jobcenterkoeln.de/de_APP/termine/widerruf/" target="_blank" rel="noopener">diesen Link</a>.<br />
Alternativ können Sie Ihren Widerruf auch an folgende postalische Adresse senden:<br />
Jobcenter Köln<br />
Fachexpert*in Digitalisierung<br />
Pohligstr. 3<br />
50969 Köln</p>
<p>Im Falle des Widerrufs werden die verarbeiteten personenbezogenen Daten sofort gelöscht.</p>
<p>Ich weiß, dass eine unverschlüsselte E-Mail ein unsicherer Übertragungsweg ist und wegen ihres Postkartencharakters von unbefugten Personen mitgelesen werden kann.<br />
Die mit Ihrer Einwilligung von uns versendeten E-Mails zur Terminbestätigung, -Erinnerung und -Stornierung lassen daher keinerlei Rückschlüsse darauf zu, ob der/die Empfänger*in auch Kund*in im Jobcenter Köln ist.</p>
<p>Bitte beachten Sie, dass Sie bei erneuter Nutzung unseres Terminbuchungs-Angebots eine erneute Einwilligung erklären müssen.</p>
<p>Rechtsgrundlage für diese Einwilligungserklärung ist Art. 6 Abs. 1 lit. a DS-GVO i. V. m.  Art. 7, Art. 4 Nr. 1, 11 DS-GVO, § 67b Abs. 2 SGB X.</p>
                        </div>
                                            </div>
                                </div>
        </div>
    </div>
</div>

<!-- This site is optimized with the Yoast SEO Premium plugin v26.9 (Yoast SEO v26.9) - https://yoast.com/product/yoast-seo-premium-wordpress/ -->
<title>Einverständniserklärung - Jobcenter Köln</title>
<meta name="robots" content="index, follow, max-snippet:-1, max-image-preview:large, max-video-preview:-1" />
<link rel="canonical" href="https://www.jobcenterkoeln.de/de_APP/termine/einverstaendniserklaerung/" />
<meta property="og:locale" content="de_DE" />
<meta property="og:type" content="article" />
<meta property="og:title" content="Einverständniserklärung" />
<meta property="og:url" content="https://www.jobcenterkoeln.de/de_APP/termine/einverstaendniserklaerung/" />
<meta property="og:site_name" content="Jobcenter Köln" />
<meta property="article:publisher" content="https://www.facebook.com/jobcenterkoeln" />
<meta property="article:modified_time" content="2024-01-09T11:48:42+00:00" />
<meta name="twitter:card" content="summary_large_image" />
<meta name="twitter:label1" content="Est. reading time" />
	<meta name="twitter:data1" content="2 minutes" />
<script type="application/ld+json" class="yoast-schema-graph">{"@context":"https://schema.org","@graph":[{"@type":"WebPage","@id":"https://www.jobcenterkoeln.de/de_APP/termine/einverstaendniserklaerung/","url":"https://www.jobcenterkoeln.de/de_APP/termine/einverstaendniserklaerung/","name":"Einverständniserklärung - Jobcenter Köln","isPartOf":{"@id":"https://www.jobcenterkoeln.de/de_APP/#website"},"datePublished":"2021-09-30T05:55:29+00:00","dateModified":"2024-01-09T11:48:42+00:00","breadcrumb":{"@id":"https://www.jobcenterkoeln.de/de_APP/termine/einverstaendniserklaerung/#breadcrumb"},"inLanguage":"de-APP","potentialAction":[{"@type":"ReadAction","target":["https://www.jobcenterkoeln.de/de_APP/termine/einverstaendniserklaerung/"]}]},{"@type":"BreadcrumbList","@id":"https://www.jobcenterkoeln.de/de_APP/termine/einverstaendniserklaerung/#breadcrumb","itemListElement":[{"@type":"ListItem","position":1,"name":"Home","item":"https://www.jobcenterkoeln.de/de_APP/"},{"@type":"ListItem","position":2,"name":"Termin­vereinbarung","item":"https://www.jobcenterkoeln.de/de_APP/termine/"},{"@type":"ListItem","position":3,"name":"Einverständniserklärung"}]},{"@type":"WebSite","@id":"https://www.jobcenterkoeln.de/de_APP/#website","url":"https://www.jobcenterkoeln.de/de_APP/","name":"Jobcenter Köln","description":"","publisher":{"@id":"https://www.jobcenterkoeln.de/de_APP/#organization"},"potentialAction":[{"@type":"SearchAction","target":{"@type":"EntryPoint","urlTemplate":"https://www.jobcenterkoeln.de/de_APP/?s={search_term_string}"},"query-input":{"@type":"PropertyValueSpecification","valueRequired":true,"valueName":"search_term_string"}}],"inLanguage":"de-APP"},{"@type":"Organization","@id":"https://www.jobcenterkoeln.de/de_APP/#organization","name":"Jobcenter Köln","url":"https://www.jobcenterkoeln.de/de_APP/","logo":{"@type":"ImageObject","inLanguage":"de-APP","@id":"https://www.jobcenterkoeln.de/de_APP/#/schema/logo/image/","url":"","contentUrl":"","caption":"Jobcenter Köln"},"image":{"@id":"https://www.jobcenterkoeln.de/de_APP/#/schema/logo/image/"},"sameAs":["https://www.facebook.com/jobcenterkoeln","https://www.youtube.com/channel/UCYRuht_ePRSHEkGxLmTjr0Q"]}]}</script>
<!-- / Yoast SEO Premium plugin. -->

Einverständniserklärung - Jobcenter Köln

Jobcenter Köln
