{"id":6433,"date":"2020-10-29T12:33:11","date_gmt":"2020-10-29T12:33:11","guid":{"rendered":"https:\/\/www.jobcenterkoeln.de\/oeffentliche-zustellung\/"},"modified":"2025-12-10T16:07:58","modified_gmt":"2025-12-10T15:07:58","slug":"oeffentliche-zustellung","status":"publish","type":"page","link":"https:\/\/www.jobcenterkoeln.de\/de_EZ\/oeffentliche-zustellung\/","title":{"rendered":"\u00d6ffentliche Zustellung"},"content":{"rendered":"<div class=\"section\">\n    <div class=\"section__head flower-blue br-on \">\n        <div class=\"container\">\n            <div class=\"\">     <nav aria-label=\"breadcrumb\">\n        <ol class=\"breadcrumb\">\n            <li class=\"breadcrumb-item\">\n                <a href=\"https:\/\/www.jobcenterkoeln.de\/de_EZ\/\">\n                    <svg width=\"25\" height=\"22\" viewBox=\"0 0 25 22\" fill=\"none\" xmlns=\"http:\/\/www.w3.org\/2000\/svg\">\n                        <path d=\"M21 11V12.5V16.5V19.5C21 20.3285 20.3285 21 19.5 21H15.5V16C15.5 15.448 15.052 15 14.5 15H10.5C9.948 15 9.5 15.448 9.5 16V21H5.5C4.6715 21 4 20.3285 4 19.5V16.5V12.5V11\" stroke=\"#706F6F\" stroke-width=\"1.5\" stroke-linecap=\"round\" stroke-linejoin=\"round\"\/>\n                        <path d=\"M1 11L12.5 1L24 11\" stroke=\"#706F6F\" stroke-width=\"1.5\" stroke-linecap=\"round\" stroke-linejoin=\"round\"\/>\n                        <path fill-rule=\"evenodd\" clip-rule=\"evenodd\" d=\"M14.5832 8.5C14.5832 9.651 13.6502 10.5835 12.4997 10.5835C11.3497 10.5835 10.4167 9.651 10.4167 8.5C10.4167 7.349 11.3497 6.4165 12.4997 6.4165C13.6502 6.4165 14.5832 7.349 14.5832 8.5Z\" stroke=\"#706F6F\" stroke-width=\"1.5\" stroke-linecap=\"round\" stroke-linejoin=\"round\"\/>\n                    <\/svg>\n                <\/a>\n            <\/li>\n                        <li class=\"breadcrumb-item active\" aria-current=\"page\"><span>\u00d6ffentliche Zustellung<\/span><\/li>\n        <\/ol>\n    <\/nav>\n    \n\n<\/div>            <h1 class=\"section__heading\"> \u00d6ffentliche Zustellung <\/h1>\n        <\/div>\n    <\/div>\n<\/div>\n\n\r\n<div class=\"space\"><\/div>\n\n\n<div class=\"section content-section   text-image flower-blue\" >\n    <div\n        class=\"container  \">\n        <div class=\"row\">\n                        <div class=\"col-12 \">\n\n                <div class=\"text-image__wrap flower-blue\">\n                                        <div class=\"text-image__wrap-single\">\n                        <p>Das Jobcenter K\u00f6ln bestimmt\u00a0<strong>ab dem 9. Dezember 2025<\/strong>\u00a0die <strong>Aushangk\u00e4sten in den Warter\u00e4umen 3 und 28 im Gesch\u00e4ftsbereich S\u00fcd<\/strong>, Oskar-J\u00e4ger-Str. 50, 50825 K\u00f6ln als Stelle f\u00fcr \u00f6ffentliche Zustellungen seiner Bescheide im Sinne des \u00a7 37 Abs. 5 Sozialgesetzbuch (SGB X) in Verbindung mit \u00a7 10 Verwaltungszustellungsgesetz (VwZG).<\/p>\n<p><strong>Was bedeutet das?<\/strong><\/p>\n<p>Manchmal hat das Jobcenter keine M\u00f6glichkeit, Ihnen Briefe zu schicken.<br \/>\nZum Beispiel, weil Ihre aktuelle Adresse nicht bekannt ist.<\/p>\n<p>Dann schreibt das Jobcenter in den Aushangkasten am Eingang des Gesch\u00e4ftsbereichs S\u00fcd eine Information dar\u00fcber, dass ein Brief f\u00fcr Sie da ist. Und wo Sie den Brief abholen k\u00f6nnen.<br \/>\nWenn diese Information dort 2 Wochen steht, d\u00fcrfen wir davon ausgehen, dass Sie den Brief bekommen haben. So steht es im Gesetz.<\/p>\n<p>Jobcenter K\u00f6ln, die Gesch\u00e4ftsf\u00fchrung<br \/>\nK\u00f6ln, 02. Februar 2023<\/p>\n                    <\/div>\n\n                <\/div>\n            <\/div>\n\n                    <\/div>\n    <\/div>\n<\/div>\n\n\r\n<div class=\"space\"><\/div>","protected":false},"excerpt":{"rendered":"","protected":false},"author":139,"featured_media":0,"parent":0,"menu_order":0,"comment_status":"closed","ping_status":"closed","template":"","meta":{"_acf_changed":false,"footnotes":""},"folder":[65],"class_list":["post-6433","page","type-page","status-publish","hentry"],"acf":[],"yoast_head":"<!-- This site is optimized with the Yoast SEO Premium plugin v26.9 (Yoast SEO v26.9) - https:\/\/yoast.com\/product\/yoast-seo-premium-wordpress\/ -->\n<title>\u00d6ffentliche Zustellung - Jobcenter K\u00f6ln<\/title>\n<meta name=\"robots\" content=\"index, follow, max-snippet:-1, max-image-preview:large, max-video-preview:-1\" \/>\n<link rel=\"canonical\" href=\"https:\/\/www.jobcenterkoeln.de\/de_EZ\/oeffentliche-zustellung\/\" \/>\n<meta property=\"og:locale\" content=\"de_DE\" \/>\n<meta property=\"og:type\" content=\"article\" \/>\n<meta property=\"og:title\" content=\"\u00d6ffentliche Zustellung\" \/>\n<meta property=\"og:url\" content=\"https:\/\/www.jobcenterkoeln.de\/de_EZ\/oeffentliche-zustellung\/\" \/>\n<meta property=\"og:site_name\" content=\"Jobcenter K\u00f6ln\" \/>\n<meta property=\"article:publisher\" content=\"https:\/\/www.facebook.com\/jobcenterkoeln\" \/>\n<meta property=\"article:modified_time\" content=\"2025-12-10T15:07:58+00:00\" \/>\n<meta name=\"twitter:card\" content=\"summary_large_image\" \/>\n<script type=\"application\/ld+json\" class=\"yoast-schema-graph\">{\"@context\":\"https:\/\/schema.org\",\"@graph\":[{\"@type\":\"WebPage\",\"@id\":\"https:\/\/www.jobcenterkoeln.de\/de_EZ\/oeffentliche-zustellung\/\",\"url\":\"https:\/\/www.jobcenterkoeln.de\/de_EZ\/oeffentliche-zustellung\/\",\"name\":\"\u00d6ffentliche Zustellung - Jobcenter K\u00f6ln\",\"isPartOf\":{\"@id\":\"https:\/\/www.jobcenterkoeln.de\/de_EZ\/#website\"},\"datePublished\":\"2020-10-29T12:33:11+00:00\",\"dateModified\":\"2025-12-10T15:07:58+00:00\",\"breadcrumb\":{\"@id\":\"https:\/\/www.jobcenterkoeln.de\/de_EZ\/oeffentliche-zustellung\/#breadcrumb\"},\"inLanguage\":\"de-EZ\",\"potentialAction\":[{\"@type\":\"ReadAction\",\"target\":[\"https:\/\/www.jobcenterkoeln.de\/de_EZ\/oeffentliche-zustellung\/\"]}]},{\"@type\":\"BreadcrumbList\",\"@id\":\"https:\/\/www.jobcenterkoeln.de\/de_EZ\/oeffentliche-zustellung\/#breadcrumb\",\"itemListElement\":[{\"@type\":\"ListItem\",\"position\":1,\"name\":\"Home\",\"item\":\"https:\/\/www.jobcenterkoeln.de\/de_EZ\/\"},{\"@type\":\"ListItem\",\"position\":2,\"name\":\"\u00d6ffentliche Zustellung\"}]},{\"@type\":\"WebSite\",\"@id\":\"https:\/\/www.jobcenterkoeln.de\/de_EZ\/#website\",\"url\":\"https:\/\/www.jobcenterkoeln.de\/de_EZ\/\",\"name\":\"Jobcenter K\u00f6ln\",\"description\":\"\",\"publisher\":{\"@id\":\"https:\/\/www.jobcenterkoeln.de\/de_EZ\/#organization\"},\"potentialAction\":[{\"@type\":\"SearchAction\",\"target\":{\"@type\":\"EntryPoint\",\"urlTemplate\":\"https:\/\/www.jobcenterkoeln.de\/de_EZ\/?s={search_term_string}\"},\"query-input\":{\"@type\":\"PropertyValueSpecification\",\"valueRequired\":true,\"valueName\":\"search_term_string\"}}],\"inLanguage\":\"de-EZ\"},{\"@type\":\"Organization\",\"@id\":\"https:\/\/www.jobcenterkoeln.de\/de_EZ\/#organization\",\"name\":\"Jobcenter K\u00f6ln\",\"url\":\"https:\/\/www.jobcenterkoeln.de\/de_EZ\/\",\"logo\":{\"@type\":\"ImageObject\",\"inLanguage\":\"de-EZ\",\"@id\":\"https:\/\/www.jobcenterkoeln.de\/de_EZ\/#\/schema\/logo\/image\/\",\"url\":\"\",\"contentUrl\":\"\",\"caption\":\"Jobcenter K\u00f6ln\"},\"image\":{\"@id\":\"https:\/\/www.jobcenterkoeln.de\/de_EZ\/#\/schema\/logo\/image\/\"},\"sameAs\":[\"https:\/\/www.facebook.com\/jobcenterkoeln\",\"https:\/\/www.youtube.com\/channel\/UCYRuht_ePRSHEkGxLmTjr0Q\"]}]}<\/script>\n<!-- \/ Yoast SEO Premium plugin. -->","yoast_head_json":{"title":"\u00d6ffentliche Zustellung - Jobcenter K\u00f6ln","robots":{"index":"index","follow":"follow","max-snippet":"max-snippet:-1","max-image-preview":"max-image-preview:large","max-video-preview":"max-video-preview:-1"},"canonical":"https:\/\/www.jobcenterkoeln.de\/de_EZ\/oeffentliche-zustellung\/","og_locale":"de_DE","og_type":"article","og_title":"\u00d6ffentliche Zustellung","og_url":"https:\/\/www.jobcenterkoeln.de\/de_EZ\/oeffentliche-zustellung\/","og_site_name":"Jobcenter K\u00f6ln","article_publisher":"https:\/\/www.facebook.com\/jobcenterkoeln","article_modified_time":"2025-12-10T15:07:58+00:00","twitter_card":"summary_large_image","schema":{"@context":"https:\/\/schema.org","@graph":[{"@type":"WebPage","@id":"https:\/\/www.jobcenterkoeln.de\/de_EZ\/oeffentliche-zustellung\/","url":"https:\/\/www.jobcenterkoeln.de\/de_EZ\/oeffentliche-zustellung\/","name":"\u00d6ffentliche Zustellung - Jobcenter K\u00f6ln","isPartOf":{"@id":"https:\/\/www.jobcenterkoeln.de\/de_EZ\/#website"},"datePublished":"2020-10-29T12:33:11+00:00","dateModified":"2025-12-10T15:07:58+00:00","breadcrumb":{"@id":"https:\/\/www.jobcenterkoeln.de\/de_EZ\/oeffentliche-zustellung\/#breadcrumb"},"inLanguage":"de-EZ","potentialAction":[{"@type":"ReadAction","target":["https:\/\/www.jobcenterkoeln.de\/de_EZ\/oeffentliche-zustellung\/"]}]},{"@type":"BreadcrumbList","@id":"https:\/\/www.jobcenterkoeln.de\/de_EZ\/oeffentliche-zustellung\/#breadcrumb","itemListElement":[{"@type":"ListItem","position":1,"name":"Home","item":"https:\/\/www.jobcenterkoeln.de\/de_EZ\/"},{"@type":"ListItem","position":2,"name":"\u00d6ffentliche Zustellung"}]},{"@type":"WebSite","@id":"https:\/\/www.jobcenterkoeln.de\/de_EZ\/#website","url":"https:\/\/www.jobcenterkoeln.de\/de_EZ\/","name":"Jobcenter K\u00f6ln","description":"","publisher":{"@id":"https:\/\/www.jobcenterkoeln.de\/de_EZ\/#organization"},"potentialAction":[{"@type":"SearchAction","target":{"@type":"EntryPoint","urlTemplate":"https:\/\/www.jobcenterkoeln.de\/de_EZ\/?s={search_term_string}"},"query-input":{"@type":"PropertyValueSpecification","valueRequired":true,"valueName":"search_term_string"}}],"inLanguage":"de-EZ"},{"@type":"Organization","@id":"https:\/\/www.jobcenterkoeln.de\/de_EZ\/#organization","name":"Jobcenter K\u00f6ln","url":"https:\/\/www.jobcenterkoeln.de\/de_EZ\/","logo":{"@type":"ImageObject","inLanguage":"de-EZ","@id":"https:\/\/www.jobcenterkoeln.de\/de_EZ\/#\/schema\/logo\/image\/","url":"","contentUrl":"","caption":"Jobcenter K\u00f6ln"},"image":{"@id":"https:\/\/www.jobcenterkoeln.de\/de_EZ\/#\/schema\/logo\/image\/"},"sameAs":["https:\/\/www.facebook.com\/jobcenterkoeln","https:\/\/www.youtube.com\/channel\/UCYRuht_ePRSHEkGxLmTjr0Q"]}]}},"_links":{"self":[{"href":"https:\/\/www.jobcenterkoeln.de\/de_EZ\/wp-json\/wp\/v2\/pages\/6433","targetHints":{"allow":["GET"]}}],"collection":[{"href":"https:\/\/www.jobcenterkoeln.de\/de_EZ\/wp-json\/wp\/v2\/pages"}],"about":[{"href":"https:\/\/www.jobcenterkoeln.de\/de_EZ\/wp-json\/wp\/v2\/types\/page"}],"author":[{"embeddable":true,"href":"https:\/\/www.jobcenterkoeln.de\/de_EZ\/wp-json\/wp\/v2\/users\/139"}],"replies":[{"embeddable":true,"href":"https:\/\/www.jobcenterkoeln.de\/de_EZ\/wp-json\/wp\/v2\/comments?post=6433"}],"version-history":[{"count":1216,"href":"https:\/\/www.jobcenterkoeln.de\/de_EZ\/wp-json\/wp\/v2\/pages\/6433\/revisions"}],"predecessor-version":[{"id":29874,"href":"https:\/\/www.jobcenterkoeln.de\/de_EZ\/wp-json\/wp\/v2\/pages\/6433\/revisions\/29874"}],"wp:attachment":[{"href":"https:\/\/www.jobcenterkoeln.de\/de_EZ\/wp-json\/wp\/v2\/media?parent=6433"}],"wp:term":[{"taxonomy":"folder","embeddable":true,"href":"https:\/\/www.jobcenterkoeln.de\/de_EZ\/wp-json\/wp\/v2\/folder?post=6433"}],"curies":[{"name":"wp","href":"https:\/\/api.w.org\/{rel}","templated":true}]}}

Öffentliche Zustellung

<div class="section">
    <div class="section__head flower-blue br-on ">
        <div class="container">
            <div class="">     <nav aria-label="breadcrumb">
        <ol class="breadcrumb">
            <li class="breadcrumb-item">
                <a href="https://www.jobcenterkoeln.de/de_EZ/">
                    <svg width="25" height="22" viewBox="0 0 25 22" fill="none" xmlns="http://www.w3.org/2000/svg">
                        <path d="M21 11V12.5V16.5V19.5C21 20.3285 20.3285 21 19.5 21H15.5V16C15.5 15.448 15.052 15 14.5 15H10.5C9.948 15 9.5 15.448 9.5 16V21H5.5C4.6715 21 4 20.3285 4 19.5V16.5V12.5V11" stroke="#706F6F" stroke-width="1.5" stroke-linecap="round" stroke-linejoin="round"/>
                        <path d="M1 11L12.5 1L24 11" stroke="#706F6F" stroke-width="1.5" stroke-linecap="round" stroke-linejoin="round"/>
                        <path fill-rule="evenodd" clip-rule="evenodd" d="M14.5832 8.5C14.5832 9.651 13.6502 10.5835 12.4997 10.5835C11.3497 10.5835 10.4167 9.651 10.4167 8.5C10.4167 7.349 11.3497 6.4165 12.4997 6.4165C13.6502 6.4165 14.5832 7.349 14.5832 8.5Z" stroke="#706F6F" stroke-width="1.5" stroke-linecap="round" stroke-linejoin="round"/>
                    </svg>
                </a>
            </li>
                        <li class="breadcrumb-item active" aria-current="page"><span>Öffentliche Zustellung</span></li>
        </ol>
    </nav>
    

</div>            <h1 class="section__heading"> Öffentliche Zustellung </h1>
        </div>
    </div>
</div>


<div class="space"></div>


<div class="section content-section   text-image flower-blue" >
    <div
        class="container  ">
        <div class="row">
                        <div class="col-12 ">

                <div class="text-image__wrap flower-blue">
                                        <div class="text-image__wrap-single">
                        <p>Das Jobcenter Köln bestimmt <strong>ab dem 9. Dezember 2025</strong> die <strong>Aushangkästen in den Warteräumen 3 und 28 im Geschäftsbereich Süd</strong>, Oskar-Jäger-Str. 50, 50825 Köln als Stelle für öffentliche Zustellungen seiner Bescheide im Sinne des § 37 Abs. 5 Sozialgesetzbuch (SGB X) in Verbindung mit § 10 Verwaltungszustellungsgesetz (VwZG).</p>
<p><strong>Was bedeutet das?</strong></p>
<p>Manchmal hat das Jobcenter keine Möglichkeit, Ihnen Briefe zu schicken.<br />
Zum Beispiel, weil Ihre aktuelle Adresse nicht bekannt ist.</p>
<p>Dann schreibt das Jobcenter in den Aushangkasten am Eingang des Geschäftsbereichs Süd eine Information darüber, dass ein Brief für Sie da ist. Und wo Sie den Brief abholen können.<br />
Wenn diese Information dort 2 Wochen steht, dürfen wir davon ausgehen, dass Sie den Brief bekommen haben. So steht es im Gesetz.</p>
<p>Jobcenter Köln, die Geschäftsführung<br />
Köln, 02. Februar 2023</p>
                    </div>

                </div>
            </div>

                    </div>
    </div>
</div>


<div class="space"></div>

<!-- This site is optimized with the Yoast SEO Premium plugin v26.9 (Yoast SEO v26.9) - https://yoast.com/product/yoast-seo-premium-wordpress/ -->
<title>Öffentliche Zustellung - Jobcenter Köln</title>
<meta name="robots" content="index, follow, max-snippet:-1, max-image-preview:large, max-video-preview:-1" />
<link rel="canonical" href="https://www.jobcenterkoeln.de/de_EZ/oeffentliche-zustellung/" />
<meta property="og:locale" content="de_DE" />
<meta property="og:type" content="article" />
<meta property="og:title" content="Öffentliche Zustellung" />
<meta property="og:url" content="https://www.jobcenterkoeln.de/de_EZ/oeffentliche-zustellung/" />
<meta property="og:site_name" content="Jobcenter Köln" />
<meta property="article:publisher" content="https://www.facebook.com/jobcenterkoeln" />
<meta property="article:modified_time" content="2025-12-10T15:07:58+00:00" />
<meta name="twitter:card" content="summary_large_image" />
<script type="application/ld+json" class="yoast-schema-graph">{"@context":"https://schema.org","@graph":[{"@type":"WebPage","@id":"https://www.jobcenterkoeln.de/de_EZ/oeffentliche-zustellung/","url":"https://www.jobcenterkoeln.de/de_EZ/oeffentliche-zustellung/","name":"Öffentliche Zustellung - Jobcenter Köln","isPartOf":{"@id":"https://www.jobcenterkoeln.de/de_EZ/#website"},"datePublished":"2020-10-29T12:33:11+00:00","dateModified":"2025-12-10T15:07:58+00:00","breadcrumb":{"@id":"https://www.jobcenterkoeln.de/de_EZ/oeffentliche-zustellung/#breadcrumb"},"inLanguage":"de-EZ","potentialAction":[{"@type":"ReadAction","target":["https://www.jobcenterkoeln.de/de_EZ/oeffentliche-zustellung/"]}]},{"@type":"BreadcrumbList","@id":"https://www.jobcenterkoeln.de/de_EZ/oeffentliche-zustellung/#breadcrumb","itemListElement":[{"@type":"ListItem","position":1,"name":"Home","item":"https://www.jobcenterkoeln.de/de_EZ/"},{"@type":"ListItem","position":2,"name":"Öffentliche Zustellung"}]},{"@type":"WebSite","@id":"https://www.jobcenterkoeln.de/de_EZ/#website","url":"https://www.jobcenterkoeln.de/de_EZ/","name":"Jobcenter Köln","description":"","publisher":{"@id":"https://www.jobcenterkoeln.de/de_EZ/#organization"},"potentialAction":[{"@type":"SearchAction","target":{"@type":"EntryPoint","urlTemplate":"https://www.jobcenterkoeln.de/de_EZ/?s={search_term_string}"},"query-input":{"@type":"PropertyValueSpecification","valueRequired":true,"valueName":"search_term_string"}}],"inLanguage":"de-EZ"},{"@type":"Organization","@id":"https://www.jobcenterkoeln.de/de_EZ/#organization","name":"Jobcenter Köln","url":"https://www.jobcenterkoeln.de/de_EZ/","logo":{"@type":"ImageObject","inLanguage":"de-EZ","@id":"https://www.jobcenterkoeln.de/de_EZ/#/schema/logo/image/","url":"","contentUrl":"","caption":"Jobcenter Köln"},"image":{"@id":"https://www.jobcenterkoeln.de/de_EZ/#/schema/logo/image/"},"sameAs":["https://www.facebook.com/jobcenterkoeln","https://www.youtube.com/channel/UCYRuht_ePRSHEkGxLmTjr0Q"]}]}</script>
<!-- / Yoast SEO Premium plugin. -->

Öffentliche Zustellung - Jobcenter Köln

Jobcenter Köln
